. Let u(a) = -a**2 - a - 1. Give u(v).
-13
Let z(m) be the first derivative of m**4/4 - m**3/3 - 2*m**2 + 3*m - 5. Let x be (-2)/10 - 143/(-65). Determine z(x).
-1
Let b(u) = 19*u**2 - 4 + 1 - 5*u - 25*u**2 - u**3. What is b(-4)?
-15
Let p(k) = -4*k**3 - k**2 - k. Let v be p(-1). Let g(b) = -v*b - 7 + 12 + b**3 + 5*b. Let t be 0*-1*1/1. Calculate g(t).
5
Let n(z) = 0*z - 2*z + 0*z + 1 + 0*z. Let i be 64/28 + 2/(-7). Let j be n(i). Let k(q) = q + 4. Give k(j).
1
Let o(y) = -3*y**2 - 8*y + 4. Let i(c) = -2*c**2 - 7*c + 3. Let h(j) = 6*i(j) - 5*o(j). Suppose 0 = -5*t - 1 + 11. Give h(t).
6
Let f(w) = -w - 10. Suppose 0 = -3*p + 4*g - 27, -2*p + 3*p + 8 = g. Calculate f(p).
-5
Let i(y) be the second derivative of y**6/360 + y**5/60 - y**4/24 - y**3/2 - 3*y. Let q(o) be the second derivative of i(o). Determine q(-4).
7
Let w(h) = -h**2 + 5*h - 3. Let i be 20/3 - (-1 + (-5)/(-3)). What is w(i)?
-9
Let r(v) be the first derivative of -2*v**2 + v + 7. Let i(a) = -a**2 - 6*a - 6. Let y be i(-5). Give r(y).
5
Let t(p) = 7*p - 1. Let n be (-1 - 1) + -5 + 11. Let d be n/4 + 3 + -5. Give t(d).
-8
Let j(b) = -7*b**3 + b**2 + b + 4. Let u(i) = i**3 - 1. Let f(g) = -4*g - 2. Let c be f(1). Let t(m) = c*u(m) - j(m). Give t(2).
4
Suppose -3*v - 6 + 18 = 0. Suppose -4*s + 8 = v*p, -4*p = s - 5*s - 8. Let g(q) = -2*q**2 + 4*q - 3. What is g(p)?
-3
Let u(f) = f**3 + 3*f - 3. Let i(k) = 4 + 3 - 1 - k - 5. Let h(s) = 4*i(s) + u(s). Calculate h(1).
1
Let o = 1 - -1. Let d(t) = t**2 + t - 1. Give d(o).
5
Let v(l) = l**3 - 6*l**2 + 5*l - 6. Suppose 3*i = -5*s - 12 + 46, -i = s - 8. What is v(s)?
-6
Let t(r) = r**2 + 2*r - 3. Let h(f) = -1 + 0 - 2*f**2 - f**2. Let m be h(1). Give t(m).
5
Let r be 12/8*8/3. Let p(q) = -5*q**3 + 0 + 5*q**3 + r*q**3 + 1. What is p(-1)?
-3
Let v = 4 + -21. Let y = -12 - v. Let p(w) = -3 + 2*w + y - 3 + 0. Calculate p(3).
5
Let v(p) = -5*p + 3*p**2 - p**3 + 2*p**3 - 4 - p. Suppose -4*s = 3*m - 12, -3 = s - 5*m - 6. Let z be -1 + ((-27)/3)/s. Calculate v(z).
4
Let j be 4 - (2 - (-3)/(-1)). Let h(l) = 4 + 2 + j*l + l**2 - 2 + l. Calculate h(-4).
-4
Let b(f) = 7*f**2 + 11*f - 5. Let t(g) = -13*g**2 - 21*g + 10. Let k(j) = -11*b(j) - 6*t(j). Let c(h) = -h**2 - 2*h + 3. Let d be c(2). Give k(d).
-5
Let v(m) be the first derivative of -m**3 - m**2/2 - 2*m - 2. Let d(h) be the first derivative of v(h). Calculate d(1).
-7
Let a(g) = -g**3 + 6*g**2 - 6*g + 5. Suppose 70 = 4*n - 30. Suppose 6*b - n = b. Calculate a(b).
0
Let y(r) be the second derivative of -r**6/720 + r**5/120 + r**4/4 - 4*r. Let v(i) be the third derivative of y(i). Determine v(-4).
5
Let s(o) = o + 7. Let h be s(-5). Suppose -h*k = -k - 5*g - 17, 0 = -g - 3. Let j(l) = -5 - l**2 + 0*l**2 + 4. Determine j(k).
-5
Let s(f) = -3*f**2 + 6*f + 3. Let i(d) = 13*d**2 - 25*d - 11. Let u(w) = -2*i(w) - 9*s(w). Let p(m) = m**3 - 4*m**2 - 5*m + 6. Let z be p(5). Give u(z).
7
Let g(v) be the third derivative of v**6/120 + v**5/12 + v**4/6 + 5*v**3/6 + v**2. Let f be ((-15)/(-5))/((-12)/16). Calculate g(f).
5
Let d = -3 - -5. Let j be 6/(-3) - -11 - -1. Let x(z) = -z**3 - 4 + j + 2*z**2 + 3*z - 9. What is x(d)?
3
Let y(o) = -4*o. Let n(a) = 3*a. Let q(k) = -5*n(k) - 4*y(k). Give q(-7).
-7
Let u(q) = -q - 1. Let g(m) = 6*m**2 + m + 1. Let c be g(-1). Give u(c).
-7
Let b(p) be the first derivative of -p**2/2 + 5*p + 23. What is b(7)?
-2
Let u be (-5 - -5) + (2 - 12). Let h be u/6*(-15)/(-5). Let p(t) = t + 4. What is p(h)?
-1
Let z = -13 - -8. Let s = 5 + z. Let o(w) be the second derivative of w**4/12 - w**3/6 + 3*w**2/2 - 2*w. Give o(s).
3
Let y(t) = 2*t**2 - 3*t - 3. Let q be (-8)/6*(-3)/(-2). What is y(q)?
11
Suppose 0 = 2*l + 2*l + 8, 0 = -2*d + 4*l + 128. Let m be (96/d)/((-2)/5). Let i(f) = -f**2 - 5*f - 2. Calculate i(m).
2
Let p(w) be the first derivative of -5*w**2/2 + 2. What is p(2)?
-10
Suppose -f = f + 6. Let s(h) be the second derivative of -h**5/20 - h**4/4 - h**3/2 - 2*h**2 - 5*h. Give s(f).
5
Let b(c) be the first derivative of c**4/4 - 5*c**3/3 - 5*c**2/2 - 2*c + 18. What is b(6)?
4
Let n(r) be the third derivative of -7*r**4/24 + r**3/2 + 7*r**2. Let z(o) = -o + 1. Let c(t) = n(t) - 6*z(t). What is c(-7)?
4
Let s(w) = 2*w + 2*w - 4 + 0. Let d be 1/5 + (-84)/(-30). Suppose -2*f + 6 = -i, d*i - 26 - 11 = -5*f. Calculate s(i).
12
Let s(b) = -b**3 - b - 23. Suppose -5*k - 4*k = -0*k. Give s(k).
-23
Suppose -1 = -c + 3. Suppose b - 10 = -c*b. Let j(x) = -x - 3*x**2 + b*x**2 + 4*x. Determine j(4).
-4
Let w(l) = -l**3 + 6*l**2 + 9*l - 1. Suppose 3*q + 16 = 3*t - 2*q, 3*t = -3*q + 24. Determine w(t).
13
Let q = 110 + -115. Let d(g) = -3*g - 4. Give d(q).
11
Let z(i) = -i. Let k(b) = -4*b - 2. Let n(d) = k(d) - 5*z(d). Determine n(4).
2
Let l(j) be the second derivative of j**4/6 + 2*j**3 + 3*j**2 + 5*j. Let r be l(-5). Let v(f) = -f**3 - 5*f**2 - 5*f. What is v(r)?
4
Let s(p) = -p**3 - p**2 + p - 1. Let b = -2 + 1. Let w(u) = 6 + 2*u**3 - 10*u**2 + u + 10*u**2. Let k(a) = b*w(a) - 3*s(a). Determine k(-4).
-3
Let k(n) = n + 9. Let j(g) = -g**3 + g**2 + g - 2. Let l be j(2). Let q be 63/14 - (-2)/l. Suppose -q*v + 3*m = -v + 15, -4*m + 20 = 0. What is k(v)?
9
Suppose 3*f + 3 = 0, m - 2*f - 3*f = 8. Suppose m*p - p - q = 3, 26 = 4*p + 2*q. Let b(a) = a**3 - 5*a**2 + a + 4. What is b(p)?
-8
Let q = 98 + -61. Let u(n) = -n**2 + 32 - 5*n - q + n**3 + n - 2*n**2. What is u(4)?
-5
Let h be 1 + -2 + 1 + -2. Let q = h - 1. Let u(l) = -l - 3. What is u(q)?
0
Let y be (1 + -2)/(1/2). Let v(t) = 2*t - 2. Let s be v(2). Let c(u) = -5 + 6 - s*u + u**2 - 4. What is c(y)?
5
Let j(f) be the first derivative of f**7/420 + f**6/180 - f**5/120 + 4*f**3/3 + 2. Let i(v) be the third derivative of j(v). Calculate i(-2).
-6
Let s(n) = -2*n + 2. Suppose -4*j = -1 - 15. Determine s(j).
-6
Let i(r) be the first derivative of -r**4/4 - 2*r**3 - 5*r**2/2 + 6*r + 11. Give i(-5).
6
Suppose 3*s + 0*s = 12. Suppose -5*x = -2*o + 11, -4*x - 1 = -2*o + 9. Let m(q) = 9*q**2 + 0*q - o*q - 1 - 8*q**2. Give m(s).
3
Let j(w) = 7*w**2 + 6 - 4*w**3 - 3*w**3 + 6*w**3 - 6*w. Suppose 0*a + a = 5*b - 25, 5*b + 5*a = 55. Give j(b).
6
Let g(p) = p**2 - 5*p - 2. Let b be g(6). Let a be (-2)/(-13) + 108/(-26). Let m(f) = -4*f. Let v(c) = -3*c. Let u(x) = a*m(x) + 5*v(x). Calculate u(b).
4
Let m(v) = -2*v**3 + 4*v**2 + 3*v - 2. Let q(s) = -s**3 + s**2 + s. Let i = 5 - 6. Let l(g) = i*m(g) + q(g). Let b be (9/12)/(1/4). What is l(b)?
-4
Let p = -1 - -1. Suppose p = 2*j + 3*b + 15, -3*j + 5*j - b + 3 = 0. Let v = 6 + j. Let a(h) = -h**3 + 2*h**2 + 3. Calculate a(v).
-6
Let s(a) = -4*a**2 - 2*a - 1. Let l(n) = 2*n**2 + n + 1. Let u(g) = 5*l(g) + 2*s(g). Let y(w) = -w. Let d(b) = -u(b) - 5*y(b). What is d(2)?
-3
Let u = -13 + 18. Let c(w) = 9*w**2 - 6 - 8*w**2 + 0 - 3*w + 2. Determine c(u).
6
Let u(w) = 3*w**2 - 6*w**2 + 4*w**2 + 2*w. Suppose 1 = -i - 3. Let y(h) = h**2 + 5*h + 1. Let v be y(i). Determine u(v).
3
Suppose 4 = 4*y - 2*o, -y - 3 = -4*y - 3*o. Let l(d) = -14*d**3 + 2*d**2 - 2*d + 1. Give l(y).
-13
Suppose -3 = 5*m - 23, -8 = -4*k - 3*m. Let o be 1*(-2)/(-2*1). Let v(r) = 0*r - 7*r**2 + o + 0*r. Determine v(k).
-6
Let v(y) = 3*y - 4. Let p(n) = -n**2 + 4*n. Suppose -2 = 2*k + 4*h, 0*h = -4*k + h + 14. Let o be p(k). Give v(o).
5
Let z = -5 - -8. Let o(r) = z - r + 0*r**2 - 4*r - 9 + r**2. Give o(5).
-6
Let q(x) = -x**3 + 4*x**2 - 5*x + 3. Let f be 1/2 + (-1)/(-2). Suppose -f = -3*l + 8. Give q(l).
-3
Let n(y) = -5*y - 5 - y**2 + 13*y - 3*y - 2*y. What is n(4)?
-9
Let p(f) = -9*f - 3. Let u(m) = -5*m - 2. Let o(c) = 3*p(c) - 5*u(c). Calculate o(-2).
5
Let y(n) = 2 + n**2 + n + 4*n + n**2. Suppose -k - 5*t - 23 = 0, -k + 5*k + 4 = 2*t. Give y(k).
5
Let s(b) be the first derivative of b**4/4 - 5*b**3/3 - 3*b**2 + 9*b - 27. Determine s(6).
9
Let p(c) = 3*c**3 - 5*c**2 - 5*c - 2. Let z(f) = -7*f**3 + 11*f**2 + 11*f + 5. Let g(t) = 9*p(t) + 4*z(t). What is g(2)?
-12
Let q(h) = -h**2 + 2*h**2 - 15*h - 6 + 1 + 14*h. Calculate q(0).
-5
Let h(a) be the third derivative of a**5/12 + 27*a**2. Suppose 2*v = -m - 2, 5*v - 2*m + 3 = 2*v. Determine h(v).
5
Let x(h) be the third derivative of 0 - 1/12*h**4 + h**2 - 1/720*h**6 + 0*h**3 - 1/120*h**5 + 0*h. Let z(y) be the second derivative of x(y). Give z(-5).
4
Let z(n) = -9*n**2 - 5*n - 2. 